{"id":961,"date":"2025-05-13T18:41:13","date_gmt":"2025-05-13T21:41:13","guid":{"rendered":"https:\/\/dpseventos.com.br\/?page_id=961"},"modified":"2025-05-13T18:41:13","modified_gmt":"2025-05-13T21:41:13","slug":"2025-2","status":"publish","type":"page","link":"https:\/\/dpseventos.com.br\/?page_id=961","title":{"rendered":"2025"},"content":{"rendered":"<p>[et_pb_section fb_built=&#8221;1&#8243; _builder_version=&#8221;4.22.0&#8243; _module_preset=&#8221;default&#8221; background_color=&#8221;#d6d6d6&#8243; global_colors_info=&#8221;{}&#8221;][et_pb_row _builder_version=&#8221;4.22.0&#8243; _module_preset=&#8221;default&#8221; column_structure=&#8221;2_3,1_3&#8243;][et_pb_column _builder_version=&#8221;4.22.0&#8243; _module_preset=&#8221;default&#8221; type=&#8221;2_3&#8243;][et_pb_gallery _builder_version=&#8221;4.22.0&#8243; _module_preset=&#8221;default&#8221; gallery_ids=&#8221;988,990,991,992,989&#8243; fullwidth=&#8221;on&#8221; hover_enabled=&#8221;0&#8243; sticky_enabled=&#8221;0&#8243;][\/et_pb_gallery][et_pb_gallery _builder_version=&#8221;4.22.0&#8243; _module_preset=&#8221;default&#8221; gallery_ids=&#8221;985,984,983,982&#8243; fullwidth=&#8221;on&#8221; hover_enabled=&#8221;0&#8243; sticky_enabled=&#8221;0&#8243;][\/et_pb_gallery][et_pb_gallery _builder_version=&#8221;4.22.0&#8243; _module_preset=&#8221;default&#8221; gallery_ids=&#8221;429,428,430,497&#8243; fullwidth=&#8221;on&#8221; hover_enabled=&#8221;0&#8243; sticky_enabled=&#8221;0&#8243;][\/et_pb_gallery][et_pb_gallery _builder_version=&#8221;4.22.0&#8243; _module_preset=&#8221;default&#8221; gallery_ids=&#8221;95,94,93,92,91,90,89&#8243; fullwidth=&#8221;on&#8221; hover_enabled=&#8221;0&#8243; sticky_enabled=&#8221;0&#8243;][\/et_pb_gallery][\/et_pb_column][et_pb_column _builder_version=&#8221;4.22.0&#8243; _module_preset=&#8221;default&#8221; type=&#8221;1_3&#8243;][et_pb_blurb title=&#8221;Fase 01 &#8211; Estudo T\u00e9cnico Preliminar&#8221; _builder_version=&#8221;4.22.0&#8243; _module_preset=&#8221;default&#8221; hover_enabled=&#8221;0&#8243; sticky_enabled=&#8221;0&#8243; use_icon=&#8221;on&#8221; font_icon=&#8221;&#xf31e;||fa||900&#8243; image_icon_width=&#8221;22px&#8221; child_mix_blend_mode=&#8221;hard-light&#8221; icon_placement=&#8221;left&#8221; header_font_size=&#8221;14px&#8221; header_text_color=&#8221;#000000&#8243; body_font=&#8221;Arial||||||||&#8221; header_font=&#8221;|700|||||||&#8221;]Aquisi\u00e7\u00e3o de plantas, processo de implanta\u00e7\u00e3o e desenvolvimento do evento, desenhos representando a maioria das \u00e1reas demonstrando as necessidades de cada sala com mobili\u00e1rio, sistemas e instala\u00e7\u00f5es necess\u00e1rios.<\/p>\n<p>Entendimento e recebimento do briefing do cliente e adequar as \u00e1reas dentro do projeto estrutural do local que abrigar\u00e1 o projeto para viabilizar tecnicamente o evento.[\/et_pb_blurb][et_pb_blurb title=&#8221;Fase 02 &#8211; Ante Projeto&#8221; _builder_version=&#8221;4.22.0&#8243; _module_preset=&#8221;default&#8221; hover_enabled=&#8221;0&#8243; sticky_enabled=&#8221;0&#8243; use_icon=&#8221;on&#8221; font_icon=&#8221;&#xf31e;||fa||900&#8243; image_icon_width=&#8221;22px&#8221; child_mix_blend_mode=&#8221;hard-light&#8221; icon_placement=&#8221;left&#8221; header_font_size=&#8221;15px&#8221; header_text_color=&#8221;#000000&#8243; header_font=&#8221;Arial|700|||||||&#8221;]Ap\u00f3s o estudo de todas as informa\u00e7\u00f5es acolhidas, entramos com a fase de implanta\u00e7\u00e3o do evento, criamos o projeto executivo inicial para composi\u00e7\u00e3o de ambientes e acessos. Apresentamos os conceitos e plantas iniciais com a capacidade m\u00e1xima para cada ambiente e sua capacidade m\u00e1xima.[\/et_pb_blurb][et_pb_blurb title=&#8221;Fase 03 &#8211; Projeto Executivo &#038; Cenogr\u00e1fico&#8221; _builder_version=&#8221;4.22.0&#8243; _module_preset=&#8221;default&#8221; hover_enabled=&#8221;0&#8243; sticky_enabled=&#8221;0&#8243; use_icon=&#8221;on&#8221; font_icon=&#8221;&#xf31e;||fa||900&#8243; image_icon_width=&#8221;22px&#8221; child_mix_blend_mode=&#8221;hard-light&#8221; icon_placement=&#8221;left&#8221; header_font_size=&#8221;15px&#8221; header_text_color=&#8221;#000000&#8243; header_font=&#8221;Arial|700|||||||&#8221;]O desenvolvimento e a execu\u00e7\u00e3o do projeto pretender garantir a uniformidade das medidas e implanta\u00e7\u00f5es de itens a serem quantificados e seus respectivas especifica\u00e7\u00f5es.[\/et_pb_blurb][et_pb_blurb title=&#8221;Fase 04 \u2013 Memorial Descritivo e Cota\u00e7\u00f5es&#8221; _builder_version=&#8221;4.22.0&#8243; _module_preset=&#8221;default&#8221; hover_enabled=&#8221;0&#8243; sticky_enabled=&#8221;0&#8243; use_icon=&#8221;on&#8221; font_icon=&#8221;&#xf31e;||fa||900&#8243; image_icon_width=&#8221;22px&#8221; child_mix_blend_mode=&#8221;hard-light&#8221; icon_placement=&#8221;left&#8221; header_font_size=&#8221;15px&#8221; header_text_color=&#8221;#000000&#8243; header_font=&#8221;Arial|700|||||||&#8221;]Elaborados tendo como base as Macro \u00c1reas, que s\u00e3o a uni\u00e3o de diversas \u00e1reas com afinidades de localiza\u00e7\u00e3o. Identificamos as \u00e1reas e seus quantitativos, transformando em uma planilha or\u00e7ament\u00e1ria com base em valores atuais de mercado.[\/et_pb_blurb][et_pb_blurb title=&#8221;Fase 05 \u2013 Pr\u00e9 Produ\u00e7\u00e3o&#8221; _builder_version=&#8221;4.22.0&#8243; _module_preset=&#8221;default&#8221; hover_enabled=&#8221;0&#8243; sticky_enabled=&#8221;0&#8243; use_icon=&#8221;on&#8221; font_icon=&#8221;&#xf31e;||fa||900&#8243; image_icon_width=&#8221;22px&#8221; child_mix_blend_mode=&#8221;hard-light&#8221; icon_placement=&#8221;left&#8221; header_font_size=&#8221;15px&#8221; header_text_color=&#8221;#000000&#8243; header_font=&#8221;Arial|700|||||||&#8221;]Levantamento de Custos<br \/>\nContrata\u00e7\u00e3o de fornecedores<br \/>\nElabora\u00e7\u00e3o de Contratos[\/et_pb_blurb][et_pb_blurb title=&#8221;Fase 06 \u2013 Execu\u00e7\u00e3o do Projeto&#8221; _builder_version=&#8221;4.22.0&#8243; _module_preset=&#8221;default&#8221; hover_enabled=&#8221;0&#8243; sticky_enabled=&#8221;0&#8243; use_icon=&#8221;on&#8221; font_icon=&#8221;&#xf31e;||fa||900&#8243; image_icon_width=&#8221;22px&#8221; child_mix_blend_mode=&#8221;hard-light&#8221; icon_placement=&#8221;left&#8221; header_font_size=&#8221;15px&#8221; header_text_color=&#8221;#000000&#8243; header_font=&#8221;Arial|700|||||||&#8221;]Dois profissionais in loco no per\u00edodo desde o per\u00edodo que antecede o evento para o gerenciamento das atividades e fazer a integra\u00e7\u00e3o entre fornecedores e clientes.[\/et_pb_blurb][et_pb_blurb title=&#8221;Fase 07 e 08 \u2013 P\u00f3s Evento&#8221; _builder_version=&#8221;4.22.0&#8243; _module_preset=&#8221;default&#8221; hover_enabled=&#8221;0&#8243; sticky_enabled=&#8221;0&#8243; use_icon=&#8221;on&#8221; font_icon=&#8221;&#xf31e;||fa||900&#8243; image_icon_width=&#8221;22px&#8221; child_mix_blend_mode=&#8221;hard-light&#8221; icon_placement=&#8221;left&#8221; header_font_size=&#8221;15px&#8221; header_text_color=&#8221;#000000&#8243; header_font=&#8221;Arial|700|||||||&#8221;]Registro Fotogr\u00e1fico e produ\u00e7\u00e3o do relat\u00f3rio final.[\/et_pb_blurb][\/et_pb_column][\/et_pb_row][\/et_pb_section]<\/p>\n","protected":false},"excerpt":{"rendered":"<p>Aquisi\u00e7\u00e3o de plantas, processo de implanta\u00e7\u00e3o e desenvolvimento do evento, desenhos representando a maioria das \u00e1reas demonstrando as necessidades de cada sala com mobili\u00e1rio, sistemas e instala\u00e7\u00f5es necess\u00e1rios. Entendimento e recebimento do briefing do cliente e adequar as \u00e1reas dentro do projeto estrutural do local que abrigar\u00e1 o projeto para viabilizar tecnicamente o evento.Ap\u00f3s o [&hellip;]<\/p>\n","protected":false},"author":1,"featured_media":0,"parent":0,"menu_order":0,"comment_status":"closed","ping_status":"closed","template":"","meta":{"_et_pb_use_builder":"on","_et_pb_old_content":"","_et_gb_content_width":"","footnotes":""},"class_list":["post-961","page","type-page","status-publish","hentry"],"_links":{"self":[{"href":"https:\/\/dpseventos.com.br\/index.php?rest_route=\/wp\/v2\/pages\/961","targetHints":{"allow":["GET"]}}],"collection":[{"href":"https:\/\/dpseventos.com.br\/index.php?rest_route=\/wp\/v2\/pages"}],"about":[{"href":"https:\/\/dpseventos.com.br\/index.php?rest_route=\/wp\/v2\/types\/page"}],"author":[{"embeddable":true,"href":"https:\/\/dpseventos.com.br\/index.php?rest_route=\/wp\/v2\/users\/1"}],"replies":[{"embeddable":true,"href":"https:\/\/dpseventos.com.br\/index.php?rest_route=%2Fwp%2Fv2%2Fcomments&post=961"}],"version-history":[{"count":5,"href":"https:\/\/dpseventos.com.br\/index.php?rest_route=\/wp\/v2\/pages\/961\/revisions"}],"predecessor-version":[{"id":994,"href":"https:\/\/dpseventos.com.br\/index.php?rest_route=\/wp\/v2\/pages\/961\/revisions\/994"}],"wp:attachment":[{"href":"https:\/\/dpseventos.com.br\/index.php?rest_route=%2Fwp%2Fv2%2Fmedia&parent=961"}],"curies":[{"name":"wp","href":"https:\/\/api.w.org\/{rel}","templated":true}]}}